ghest common divisor of h and p?
12
Let b be 12 - (2 - 4) - -2. Suppose 0 = -2*s - 2*s + b. Suppose -s*d + 57 = -87. Calculate the greatest common divisor of d and 24.
12
Let v(a) = a**3 - a**2 - 2*a - 4. Let q be v(3). Calculate the greatest common factor of 20 and q.
4
Suppose 6*u - 1845 = -165. Calculate the greatest common factor of 40 and u.
40
Let p = 28 - 22. Calculate the highest common factor of p and 2.
2
Suppose -154 = -3*z + z. Calculate the highest common divisor of 11 and z.
11
Suppose 3*h - 2 - 4 = 0. Suppose -2*z - 2*k + 12 - 2 = 0, h*k = 3*z - 15. What is the greatest common divisor of z and 5?
5
Let o = 3 - 1. Let i(d) = -3 - d + 0 + 4. Let l be i(-4). What is the greatest common factor of l and o?
1
Let g(h) = h**2 - h + 4. Let x be g(-4). What is the highest common divisor of x and 216?
24
Suppose -4*o + 7*o - 9 = 0. Let q be (2/4)/(o/78). Let k(y) = 10*y**3 + 2*y**2 + 2*y - 1. Let c be k(2). Calculate the greatest common factor of c and q.
13
Suppose -6*k + k = 15. Let x be k/((-9)/(-24)*-2). Let d(j) = -j**3 - 4*j**2 - 2*j + 1. Let z be d(-5). What is the greatest common divisor of z and x?
4
Let r(x) = 5*x - 6. Let o be 3 + 9 + (0 - 0). Let h be r(o). Calculate the highest common factor of 6 and h.
6
Suppose -4*l = 5*b - 11 - 16, -9 = -5*l + 2*b. Suppose l*g + g = 240. What is the greatest common factor of 15 and g?
15
Let h = 292 + -172. Let n = 6 + h. Calculate the greatest common factor of n and 14.
14
Let y be ((-51)/(-6))/(2/4). Suppose 1 = i - y. What is the greatest common divisor of 45 and i?
9
Let r = 29 + -19. Let v be 168/18 + (-2)/(-3). Calculate the greatest common factor of v and r.
10
Suppose -2*n = 4*t - 69 - 7, -5*t + 113 = -2*n. What is the greatest common divisor of 84 and t?
21
Let p be (-19)/(-3) - (-13)/(-39). Let m = p - 2. Let r be ((-4)/6)/(1/(-3)). What is the highest common factor of m and r?
2
Let x = -6 + 12. Let a(m) = m - 2. Let t be a(x). Let u = 27 - 15. What is the highest common divisor of t and u?
4
Suppose -4*l - 3*z + 112 = 0, -5*z - 29 = -l - 1. Calculate the greatest common factor of 252 and l.
28
Let r(t) = -t + 15. Let n be r(0). Let u = n + -4. Suppose 5*d = 4*f + 9, -3*f = d - 7*f - 5. What is the highest common factor of d and u?
1
Let x = -25 + 50. Let u = 41 - x. What is the greatest common factor of 112 and u?
16
Suppose 2*s + 23 = 107. What is the greatest common divisor of 6 and s?
6
Let d be -2 + 0 - (-7 - -5). Suppose d*f + 24 = 4*f. Let v be (-1)/(-3) - (-52)/f. What is the greatest common factor of 18 and v?
9
Let w be 2 + (-2 - -2) + 0. Let g = w - -1. Suppose 29*h + 108 = 33*h. What is the highest common factor of g and h?
3
Suppose -3*g = -330 - 411. Suppose 2*c - 171 - g = -f, -4*c - 4*f = -844. Let n = 68 - 45. What is the highest common factor of n and c?
23
Let i be 2 - (3 + -3)/2. What is the greatest common factor of i and 6?
2
Let j(d) = 2*d - 3. Let o be j(3). Suppose -q - 10 = -o*q. Suppose 5*m + 340 = q*r, -7*r = -4*r + m - 212. What is the highest common divisor of 28 and r?
14
Let p be (-5)/(15/6) + 5. Suppose 5*l - 4 = p*l. Let n(a) = 3*a + 1. Let h be n(l). What is the highest common divisor of h and 42?
7
Let h(u) = 2*u**2 + 4*u + 2. Let k be h(-2). Calculate the greatest common factor of 2 and k.
2
Let l(q) = 4*q - 5. Let h be l(4). Let v(f) = 10*f + 9. Let j be v(9). Suppose j - 11 = 2*a. Calculate the greatest common divisor of h and a.
11
Let t = -7 + 10. Let h = t - -1. Let k be (-1*9)/(3/(-2)). Calculate the highest common divisor of h and k.
2
Suppose -5*w = 5*a - 25, -4*a = 3*w - 3*a - 15. Let n = -39 - -69. Suppose 5*o - 190 = -2*m, -o = -2*o - 2*m + n. What is the greatest common factor of w and o?
5
Suppose -8*h = -10*h + 20. What is the greatest common divisor of h and 2?
2
Suppose 8*o - 3*o = 75. What is the highest common divisor of 15 and o?
15
Let t = 13 + -2. Suppose 3*g + 4*b + 3 = 9, -4*g - b = -21. Let x be -33*(g/9 + -1). Calculate the greatest common factor of x and t.
11
Let i be 102/9 - 2/6. Calculate the highest common factor of i and 77.
11
Suppose 0 = -u - 2*m + 1, u + 5*m + 2 + 6 = 0. Let h = u + 23. What is the highest common factor of 10 and h?
10
Suppose 3*h - 2 - 22 = 0. Let w(s) be the first derivative of -s**2/2 + 12*s - 5. Let j be w(11). What is the highest common factor of h and j?
1
Let j(y) be the third derivative of -9*y**4/8 + y**3/2 + 2*y**2. Let a be j(2). Let q = 93 + a. Calculate the highest common factor of q and 28.
14
Let j = 4 - 12. Let b be ((-8)/2)/(1/j). Calculate the highest common factor of b and 256.
32
Suppose 2*n - 25 = -3*n, -4*n = -4*b + 60. Calculate the greatest common divisor of b and 50.
10
Suppose 4*g - 12 = -a, 0*g + 16 = 2*g - 2*a. Let v(x) = 4*x**2 - 4. Let f be v(g). Suppose -4*n + 41 = -55. What is the greatest common factor of f and n?
12
Suppose 0*c = 4*d - 5*c - 16, 0 = 5*c. Suppose 3*l - 4*k - 14 = 0, -l - 7 = d*k - 1. Calculate the greatest common divisor of l and 1.
1
Suppose l + l = 48. Let n = -6 + 11. Suppose l = n*m - 2*m. Calculate the greatest common factor of m and 16.
8
Suppose -5*k = x + 212, -k + x = -3*x + 34. Let o = -30 - k. What is the highest common factor of o and 84?
12
Let d be (-4)/32 + 648/64. Let s(r) = 2*r - 4. Let g be s(3). Suppose g*l + 450 = 7*l. What is the highest common divisor of d and l?
10
Suppose 4 + 0 = p. Suppose -h + p*h - 231 = 0. Let y(g) = 8*g + 3. Let j be y(1). Calculate the highest common divisor of h and j.
11
Let h be (-2)/(-6) + (-4)/3. Let a be h/(-5) - 359/(-5). Let y be (-1 + (-7)/(-5))*20. What is the greatest common factor of y and a?
8
Suppose -5*z - 2*l + 5*l = 42, -4*z - 3*l - 12 = 0. Let v be (-3)/z + 215/2. Let m(r) = -3*r. Let q be m(-4). What is the greatest common divisor of v and q?
12
Let x be 2 + -1 + 0 - -38. Let v = x + -7. Let y be (-1 - v)*(-33)/9. Calculate the greatest common divisor of y and 11.
11
Let o(t) = t + 60. Let u be o(0). What is the greatest common factor of u and 20?
20
Let l(f) = -16*f**3 + 2*f**2 - 2*f - 2. Let t be l(-1). Calculate the greatest common factor of t and 15.
3
Suppose -v = 4*v - 140. Suppose -140*z - 56 = -144*z. Calculate the highest common factor of v and z.
14
Suppose c - 4 = -0*c. Suppose 0 = 2*z - c*z + 18. Suppose 0 = s + 2*n - 42, -s + 3*n + 45 = 6*n. What is the highest common factor of z and s?
9
Let w(a) = 2*a**3 - 2*a**2 - 4*a - 1. Let r be w(3). Calculate the highest common divisor of 46 and r.
23
Let c be 1 + 39 + -2 - (-24)/(-8). What is the greatest common factor of 14 and c?
7
Let c be (-4)/18 - 6/108*-22. What is the highest common factor of 44 and c?
1
Let q(y) = -y + 1. Suppose 0 = -4*b + 2*b + 6. Suppose -3 = a - 2*r - 0*r, -4*r = -b*a - 11. Let m be q(a). What is the greatest common factor of m and 2?
2
Let p be (-11 + 0)*(0 - 9). Suppose -6*x + p = -3*x. Calculate the highest common factor of x and 22.
11
Suppose 17*d = 7*d + 50. What is the greatest common factor of 155 and d?
5
Let l(m) = m**2 + 9*m - 2. Let f be l(-10). Calculate the highest common factor of 12 and f.
4
Let i(q) = 3*q - 49. Let a be i(17). What is the greatest common factor of a and 5?
1
Suppose 3*i + 40 = -0*z + z, -4 = i. What is the highest common divisor of 252 and z?
28
Let q be (-10)/(-4) - (-315)/30. Let s = 3 + 0. Suppose -i - s = -4*l, -3*i + 27 = -0*i - 3*l. Calculate the highest common factor of q and i.
13
Let t = -7 - -24. What is the greatest common divisor of 153 and t?
17
Suppose 4*u = -4*k + 60, -4*u - 2 = k - 47. What is the highest common factor of u and 70?
10
Suppose -h - 4*h + 250 = 0. Suppose -5*f + 10 = -40. What is the greatest common factor of f and h?
10
Let s(c) = -4*c. Let f be s(-1). Suppose -5*k + 10 = 0, -3*u + k + f*k = 19. Let p be u/(-3*2/260). Calculate the highest common divisor of p and 13.
13
Suppose -2*a + 2*p = -4*a + 12, 0 = -2*a + 2*p + 28. Let n be (1 + 0)*4/2. Suppose 4 = 3*o - n*o. Calculate the highest common factor of o and a.
2
Let h = 26 - 15. Let n be (-8)/10 - 1/5. Let g be (1 - n) + (-2 - -1). What is the greatest common divisor of h and g?
1
Let c(n) = 9*n**2 - 2*n - n - 7 - n**3 + 2*n**3 + 9*n. Let d be 0 + (-1 - 0) - 7. Let b be c(d). Calculate the highest common factor of b and 27.
9
Let t = -3 + 63. Calculate the greatest common 